s the greatest common divisor of 120 and p?
30
Suppose 0 = 4*z - k - 4014, -2*z + 2002 = -k + 3*k. Calculate the greatest common factor of z and 1829.
59
Suppose -a + 223 = 3*v, 1223 = 4*v + 4*a + 891. Let g be (1/(-2))/((-2)/112). Calculate the highest common divisor of g and v.
14
Let j = 5923 + -5615. Calculate the greatest common divisor of j and 21.
7
Suppose 20*o + 8*o = 10*o + 918. Calculate the highest common factor of 289 and o.
17
Let d be (15/6)/(1/2). Suppose 0 = -33*f + 23 - 254. Let n = d - f. Calculate the greatest common factor of 36 and n.
12
Suppose 11 = 3*p + 5. Let f be 4/1 + p + 1. Calculate the highest common divisor of 567 and f.
7
Suppose -5*u = -10*u + 10. Let x be u*(-86)/(-12) + 15/(-45). Let a be x*(0 - -1)/((-6)/(-54)). Calculate the highest common factor of 36 and a.
18
Let t(p) = -p**3 - 10*p**2 - 18*p - 12. Let s be t(-8). Suppose b + 57 = s*j - 80, -3*j + 5*b + 124 = 0. Calculate the highest common divisor of 99 and j.
33
Suppose 2593 = 11*w - 201. Suppose -2*a - w = -5*q, -5*a - 36 = -2*q + 53. What is the highest common divisor of q and 364?
52
Let i be ((-463)/(-5) - (-22)/55) + -6. Calculate the highest common divisor of 5510 and i.
29
Let n be 848/4664 - 1/(22/(-1536)). Let i be (24/(-18))/((-2)/45). What is the highest common divisor of i and n?
10
Suppose 8*g - 5*g = 126. Suppose -9*f + 6*f = 18. Let l = 12 + f. Calculate the greatest common factor of g and l.
6
Suppose 556*o - 2850 = 506*o. Calculate the highest common divisor of 717 and o.
3
Let s = 2475 - 2079. What is the greatest common factor of 2124 and s?
36
Let j(k) = k**3 - 24*k**2 - 13*k - 38. Let s(o) = o**2 - 2. Let h(l) = -j(l) + 6*s(l). Let y be h(30). Calculate the highest common factor of y and 13.
13
Let u(j) = -218*j**2 - 2616*j + 6. Let y be u(-12). Let i = 63 - -53. Let d be (21/y)/(2/i). Calculate the greatest common factor of d and 29.
29
Suppose y = 40 - 9. Let f = -5265 - -5792. Calculate the greatest common factor of f and y.
31
Let n = -35 + 41. Suppose 3*z - 36 = -n*z. Let b = 20 + -10. What is the highest common divisor of z and b?
2
Suppose 4*v - h = 89, 6*h = 2*v + 2*h - 62. Suppose 111 = 2*m - v. Suppose -15 = -u + m. What is the highest common factor of u and 54?
27
Suppose -15*w + 14*w = -12. Let m be 102/((-2 - 5)/((-14)/4)). What is the greatest common divisor of w and m?
3
Let a(v) = 682*v + 3468. Let q be a(-3). Calculate the greatest common factor of q and 54.
18
Suppose a - 16 = 4*q, -2*q = -7*q - 10. Let i = -56 - -34. Let p = 106 - i. Calculate the highest common factor of p and a.
8
Let y = 10 + 19. Let p = -3722 + 4650. What is the greatest common factor of p and y?
29
Suppose 5*w - 2*u - 232 = 0, -3*u - u - 224 = -5*w. Suppose -144 = -126*k + 114*k. What is the highest common divisor of w and k?
12
Suppose -61 = -5*v + 109. Let f be 3 - (-1 - 35)/4 - (-46 + 24). What is the greatest common divisor of v and f?
34
Let i be ((-32)/(-10))/(-4)*10. Let r be -7 - 60/i - (-54)/4. What is the highest common divisor of 182 and r?
14
Let d(o) = -42*o + 245. Let g be d(-14). What is the highest common divisor of g and 17?
17
Let x(q) = -q**2 - 50*q - 554. Let d be x(-32). Suppose 3*c - c - 396 = 0. Calculate the greatest common divisor of d and c.
22
Let r be (-45)/27*(-36)/105*7*8. Calculate the greatest common factor of r and 816.
16
Let q(z) = -196*z + 212. Let u be q(1). Let p be (-508)/(-18) - 6/27. Calculate the greatest common divisor of u and p.
4
Suppose -2*x - 4*n + 30 = 0, 2*x = -5*n - 3 + 38. Suppose -9 = -2*r + x*f + 13, 2*r - 2*f - 16 = 0. What is the highest common factor of r and 33?
3
Let i(m) = -9*m + 65. Let z be i(6). Suppose -3*n + 5*n = 4*l - 2602, -5*n - 664 = -l. Calculate the highest common divisor of z and l.
11
Let c be 9/4*7548/111. What is the highest common factor of 45 and c?
9
Let b(c) = 45*c**2 - 52*c**2 + 3*c**3 - 11*c - 2 + 1. Let t = -53 + 59. Let d be b(t). What is the greatest common divisor of d and 47?
47
Suppose t - 12 = 5*f - 47, t = 3*f - 19. Let v = 3907 + -3419. What is the highest common factor of v and f?
8
Let c(a) = -5*a**2 + 379*a + 4. Let n be c(75). What is the greatest common factor of 1387 and n?
19
Suppose -258 = -32*m - 31 + 157. Let j = 253 - 145. What is the highest common factor of m and j?
12
Suppose 10*a - 5*z - 390 - 8010 = 0, 3*a - 2500 = -z. Calculate the highest common factor of a and 16.
4
Let g(c) = c**2 - 19*c + 109. Let x be g(13). Suppose -x = -3*p + 56. What is the highest common divisor of p and 232?
29
Let v = -2758 + 2896. Calculate the highest common factor of 782 and v.
46
Let b = -189 + 187. Let g = 14 - b. Let s be (0 - -4)*(3 - -7). Calculate the greatest common divisor of s and g.
8
Let l(j) = -51*j - 546. Let b(a) = -17*a - 182. Let t(h) = 8*b(h) - 3*l(h). Let f be t(-10). What is the highest common factor of f and 3?
3
Let h(b) = 2*b**2 - b - 2. Let l(q) = 3*q**3 - 6*q**2 + 7*q + 5. Let c(r) = -h(r) + l(r). Let y be c(3). Calculate the greatest common divisor of y and 640.
40
Suppose 17*r - 20*r = -15. Suppose -r*v = -11*v + 174. Calculate the greatest common divisor of v and 58.
29
Suppose 4*r = 4*i + 32, 4*r - 95 = -i - 68. Let x be (24/(-32))/(2/(-8)). Suppose 7 = 4*q - x*q. What is the highest common divisor of r and q?
7
Let n = 887 - 592. Suppose 2*s = -14*s + 80. Suppose s*g - n = 310. What is the highest common factor of 11 and g?
11
Let h be -4 - 2057/231 - (-4)/(-42). Let z be (102/(-30) - (-6)/15)*h. Calculate the greatest common factor of z and 26.
13
Suppose 6*h - 2*q - 42 = 2*h, 2*h + q = 19. Let z be (-8 + 1 - -6) + (75 - 0). Suppose -206 = -7*r + z. Calculate the highest common factor of r and h.
10
Let p = 187 + 18. Suppose 2*j = -b + 348, 3*b = 2*j - p - 159. What is the highest common divisor of 22 and j?
22
Let j be (110 - 0)/((-80)/(-96)). Calculate the greatest common factor of j and 912.
12
Let l = 54 + -48. Suppose 4*c + l + 0 = 3*k, -3*k + 5*c = -9. Let o be -7 - (4 + -9) - 127*k. Calculate the greatest common divisor of 28 and o.
28
Let x = 3671 - 3599. Calculate the highest common factor of x and 152.
8
Let n be 2/(-4) - (-45)/2. Let c(a) = -61*a**2 - 3786*a - 215. Let s be c(-62). What is the highest common divisor of n and s?
11
Let h(u) = 4410*u - 4382. Let y be h(1). Let q(p) = 6*p**2 - 4*p + 4. Let m be q(4). What is the greatest common factor of m and y?
28
Suppose -7*g = -20*g + 91. Suppose -3*l + 5*i = -4*l - 38, 2*l = -i - 58. Let k be (l/6)/(8/(-12)). What is the highest common divisor of k and g?
7
Let o be 3/(-3) + 3/(18/30). Suppose o*h = 6*h - 354. What is the greatest common factor of 3 and h?
3
Suppose 6 = t + 3*h, 2*h = 3*t - 2*h - 44. Let y = -201 + 206. Let k be ((-8)/y)/(10/(-75)). Calculate the greatest common divisor of k and t.
12
Suppose 0 = p - 6, g + p = 92 + 222. Calculate the highest common factor of 532 and g.
28
Let j be (18/4)/((-19)/(-38)). Suppose 641 = j*q - 61. What is the highest common divisor of q and 858?
78
Suppose 0 = 2*d - 5*l + 8, 4*d + 10*l - 32 = 8*l. Suppose -4*i - 44 = -4*a, -2 = a + 4*i + 2. Let k = a - 4. Calculate the greatest common factor of k and d.
2
Let j be (-2)/3 - (-299)/3. Suppose 0 = -2*d - 37*i + 42*i + 28, -5*d = -3*i - 51. Calculate the highest common factor of d and j.
9
Let p(r) = -1710*r - 2362. Let w be p(-2). What is the greatest common divisor of 4 and w?
2
Suppose -29*r = -32*r + 4*m + 17124, -m - 5706 = -r. What is the highest common divisor of 12 and r?
12
Let v = -15 - -29. Let s(r) = r**3 - 15*r**2 + 5. Let x be s(15). Let q be (4 - 1 - -14) + 2 - x. Calculate the highest common factor of v and q.
14
Let r(z) = -2*z**2 - 3*z + 5. Let o be r(-4). Let g = 18 + o. Suppose -g*n + 460 = -n. What is the highest common factor of n and 92?
46
Let c(b) = 3 + 0 + 8*b - 15*b + 4*b. Let j be c(-6). Let d = 35 - j. What is the greatest common factor of 70 and d?
14
Suppose 49 = 14*j - 49. Suppose -c + 4*f = 2*f, f = -3*c + j. What is the greatest common factor of 1 and c?
1
Let s(k) = -59*k**3 + k**2 - k - 1. Let h be s(-1). Let i = 473 + -471. Let u be i/4*(3 + 88 - 1). What is the highest common divisor of h and u?
15
Let c(m) = -15*m**2 - 159*m - 5. Let y be c(-6). Suppose 5*a - y = -154. Calculate the highest common divisor of 3 and a.
3
Suppose